 (5 - 5) - (2 - 2)?
-1
0 - -6 - (8 - 2)
0
(-1 - -8) + 8 + -12
3
Calculate 2 - -5 - (15 - (16 - 1)).
7
What is the value of 1 - (2 - 2) - (3 + -3)?
1
Calculate 5 + (-3 - -8) + -13.
-3
Calculate 5 + -7 + 14 + -5.
7
What is 7 + 2 + -6 + 9 + -17?
-5
Calculate -3 - (5 + (1 - 14)).
5
What is the value of 3 - (1 + 2 + 0)?
0
Evaluate -3 - (-4 + 2 + -2 - -2).
-1
What is the value of 6 + -10 + 1 + 8?
5
Calculate -6 + 10 + (2 - 5).
1
-6 + 0 - (24 - 25)
-5
Calculate 5 + (-2 - -2) - 5.
0
Calculate 7 - (-2 + 12) - 0.
-3
What is the value of -3 - (5 + -2 + 1 - 3)?
-4
Calculate (8 - 3) + -4 - (-1 - -4).
-2
Calculate -31 - -34 - (1 + 3 + -1).
0
Evaluate 1 - ((-7 - -7) + (2 - 6)).
5
What is the value of -1 - 0 - (9 - 4)?
-6
What is (2 - ((7 - 13) + 8)) + -1?
-1
What is -6 - (-13 + (-1 - -8) + -8)?
8
2 + (0 - 6) - (2 - 4)
-2
What is the value of -137 + 136 + 0 + -9 + 2?
-8
Calculate -2 - (-3 + 2) - (1 + -7).
5
What is the value of (2 - (-8 + 6)) + -3?
1
Evaluate 0 + (0 - 2 - (0 + 2)).
-4
(-4 - (-6 - -1)) + 1
2
(1 - 4) + (7 - (4 - 2))
2
What is (0 - 5 - (0 + -11)) + -2?
4
What is 0 - (5 + -11) - (-2 + -2)?
10
-96 + 85 - (1 + -7)
-5
Calculate (-14 - -1) + (-6 - (4 - 13)).
-10
Calculate -6 - (-28 + 12 - -4).
6
What is the value of 72 + -59 + 2 + -4?
11
Evaluate 3 + (-6 - 1) - (-65 + 62).
-1
Evaluate (-6 - -1) + -1 + 4.
-2
Calculate -11 + (-6 - -7) + -4 + 6.
-8
What is the value of 0 + -1 - (1 - -6 - 5)?
-3
What is the value of 4 + (-6 - 0 - -2)?
0
What is 4 + 7 + -5 + -7 + -8?
-9
What is the value of -15 + 7 + 4 - 3?
-7
What is the value of -1 + 1 + 3 + 2?
5
(8 - (-6 - -6)) + -10
-2
What is (-14 - -12) + 8 - -3?
9
Evaluate (8 - 1) + (-2 - (-4 - -4)).
5
What is the value of (2 - 1) + -3 - (9 - 8)?
-3
What is 3 + 1 + (0 - 2) + -3?
-1
What is the value of 8 + 12 + -18 - (0 - -5)?
-3
Evaluate -9 + 9 + -1 + 8.
7
Evaluate -6 - (0 + (-1 - (-1 + 2))).
-4
What is 1 - 4 - (-3 + -5 - -8)?
-3
Evaluate -6 + 2 - (5 + -4) - 0.
-5
What is the value of 0 + 0 - (-1 + 1 + 3)?
-3
Calculate (1 - -4) + (-17 - -16).
4
Evaluate -14 + 23 + (-7 - 6).
-4
What is the value of (-3 - ((-2 - 0) + 2)) + 1?
-2
Calculate 2 - (-1 + 1 + 3).
-1
-2 + -2 - (3 - (1 + 3))
-3
Evaluate (11 - (7 - 0)) + 6 + -3.
7
-14 - (-5 - 5) - 4
-8
Evaluate (2 - (2 + -2)) + 3.
5
What is -9 + 4 + -3 + 10?
2
What is (2 - (1 - 3)) + -8?
-4
What is the value of -9 + -3 + (29 - 6)?
11
What is the value of -12 + (-4 + 11 - 2)?
-7
Calculate -6 + (3 - ((6 - 2) + -7)).
0
-80 + 90 - (1 + 0 + 1)
8
What is -3 - (0 - 2) - 0?
-1
What is (-4 - -14) + 8 + 3 + -14?
7
0 - 2 - (29 - 34) - 4
-1
Evaluate -5 - (-4 - -1 - 4).
2
What is -3 + 3 + (0 - (-9 + 4))?
5
-11 + 22 + -5 - 12
-6
What is the value of 51 + -51 + (0 + 0 - -1)?
1
-7 + (-4 + 7 - 1)
-5
Calculate 7 + (1 - 16) + 6.
-2
Calculate 9 + 4 + -12 + 7 + 0.
8
What is the value of (-5 - -1) + (-16 - -17)?
-3
Evaluate (-1 - -14) + -9 - 5.
-1
-4 + -1 + 7 + -3
-1
What is the value of 9 - (9 + 3 - -6)?
-9
What is (-6 - (5 + -6)) + 11?
6
Calculate -3 + -4 - (4 + -6).
-5
Evaluate 1 - -3 - (9 - -2) - -2.
-5
What is (-2 + 0 - -3) + -7 + 13?
7
Evaluate 5 - 0 - (8 + -3).
0
Calculate 5 + -1 + (-19 - -14).
-1
Evaluate -10 + 0 + (153 - 141).
2
Calculate 6 + 2 + -8 + (6 - 3).
3
(4 + 1 - 6) + -4
-5
Evaluate -1 - (3 + 2 + (-5 - -9)).
-10
Calculate -7 + (-4 - -24) + -11.
2
Evaluate -1 + -2 + (-6 - -8).
-1
Evaluate -16 + 18 - (1 + 3) - 3.
-5
Evaluate 17 - 4 - 5 - 5.
3
What is the value of -1 - -1 - 5 - (-69 - -67)?
-3
Calculate -7 + 10 - 3 - (-1 - -5).
-4
Evaluate -2 - 5 - -7 - -2.
2
What is (35 + -31 - (0 - 0)) + -3?
1
What is the value of -1 - (0 + -6 + 2 + 1)?
2
What is the value of 1 + (-4 - -5 - 0)?
2
Evaluate (1 - (1 + -6)) + -9 + 6.
3
What is the value of 12 + (-15 - -10) - 10?
-3
Evaluate (-3 - 0) + 3 + (2 - -1).
3
Calculate -1 - (1 + -3) - (2 + -3).
2
Evaluate 1 + -12 + 7 - -1.
-3
Evaluate (-1 - 0) + -84 + 79.
-6
Calculate -8 + 5 + 6 - 3.
0
8 + -13 - (-3 - -1)
-3
Calculate (4 - (-8 - -3)) + -4.
5
(24 - 15) + -2 + -2
5
Calculate -18 + -1 - (-10 - 0).
-9
What is -6 - (-6 + (5 - -2)) - 0?
-7
What is 4 + (4 - 3) - 10?
-5
Evaluate -2 + 1 - (-5 - (2 + -3)).
3
Evaluate -1 + 8 + (-31 - -29).
5
Evaluate (0 - -8) + -8 + 0 + 6.
6
1 + 2 + 2 + -4
1
What is the value of 2 + (0 - 11) + 9?
0
22 + -13 - (-1 + 8)
2
Evaluate 12 + -3 - (4 - -3).
2
Calculate 0 + (1 - (-2 - -1)) + 0.
2
What is 4 + -1 + 0 + 2?
5
Evaluate -5 + 2 + 2 + 9 + -2.
6
Evaluate (-3 - -2) + 1 - (-1 - 1).
2
Calculate (79 - 68) + -19 + -1.
-9
What is (-10 - -13) + -14 - (-3 - 2)?
-6
(-208 - -200) + 0 + 7
-1
Calculate -3 - (1 - 2 - -1) - 2.
-5
What is -2 + 5 - (7 - 2)?
-2
What is the value of (-5 - (2 + 0 + -4)) + 0?
-3
13 + -6 - (3 - 1)
5
Evaluate 6 - (4 + 10 + -2).
-6
(5 - 7 - -14) + -17
-5
-6 - (-5 + -3) - 1 - 2
-1
What is the value of -6 - ((3 - 5) + 1 + -3)?
-2
What is the value of 184 + -203 + (12 - 1)?
-8
What is 4 + -1 + 2 - (4 - 2)?
3
What is -2 + (2 - (-4 + 4)) + -4?
-4
0 + 0 - (10 - (8 - -6))
4
Calculate 2 + (-2 - (3 - 9)).
6
Calculate (6 - 4) + 0 + 0.
2
Calculate -9 + (2 - 1) - (1 - 5).
-4
Calculate (-8 - 0) + 7 + -7.
-8
What is the value of 3 + (2 - (0 + -4 - -4))?
5
What is the value of (2 - 4 - -1) + -2?
-3
Calculate -1 + 0 + -3 + (-9 - -13).
0
What is -7 + (0 + -2 - (-5 - 2))?
-2
Evaluate 1 - (-6 + -7 + 16 + -6).
4
5 - (12 - 3 - 7)
3
What is 2 + -4 + 5 - (2 - -1)?
0
Evaluate 7 + 4 - (44 - 25).
-8
Calculate 9 + -19 - (3 - (1 + 8)).
-4
What is the value of 9 - (-1 + (11 - 4))?
3
What is (4 + -6 - 0) + 2 + 0?
0
Calculate 0 - (-2 + 8 + -12).
6
Calculate 24 - 8 - 0 - 8.
8
Calculate 3 - (6 + -4) - -6.
7
Evaluate -4 - 0 - (4 + -2).
-6
Calculate (0 - 3) + 8 + -1 + -2.
2
What is (1 - -2 - -2) + 1 + -1?
5
What is the value of 6 - (-2 + 1 + -6 + 5)?
8
8 + (-7 - (-6 - -1 - 0))
6
Evaluate (-5 - (4 - 5)) + 0.
-4
Calculate (-3 - -6 - 6) + 9.
6
Calculate -1 - (6 + -5 + -3).
1
Evaluate 0 - -1 - (14 + -14).
1
What is 3 + (1 - -1) - (3 + -3)?
5
Evaluate (1 - -10) + -6 - 3.
2
-4 - (2 + 1 - 12)
5
Evaluate 3 + 2 + (13 - 19).
-1
What is 0 - (-7 + 4 + -1) - -1?
5
What is the value of 0 + (0 + -8 - -8)?
0
What is the value of (3 - (2 + 2)) + 1?
0
Evaluate 4 + -6 - -6 - (2 + 6).
-4
Evaluate 10 - 15 - (-11 - 1).
7
Calculate (3 + 0 - (58 - 56)) + 6.
7
Calculate -9 + 3 + -1 + 5.
-2
Evaluate (-6 - -11) + -7 + 8 - 15.
-9
Evaluate 0 - (3 - (1 - -1) - 1).
0
What is -4 + 6 + (-5 - 1)?
-4
What is 1 + (4 - 1) - (-13 - -18)?
-1
Evaluate 1 + 0 - (-2 + 3).
0
Evaluate 0 + (2 - -2) - (1 - -1).
2
What is (0 - -1) + 1 - (-8 - -8)?
2
0 - (-2 + 2 - -1) - -5
4
Evaluate (-5 - (12 - 8)) + 16.
7
Calculate 6 - (7 - 6) - (3 + 1).
1
What is the value of -2 + (1 + 2 + -4 - 0)?
-3
Evaluate -19 + 23 + -7 + 3 + 1.
1
What is the value of (0 - 6) + -9 + 6 - -4?
-5
Evaluate 7 - ((3 - 5 - 3) + 8).
4
Evaluate (-8 + 3 - (-6 + -4)) + 0.
5
What is 5 + 2 + (-3 - -2) + -3?
3
9 - (-5 - (8 + -27))
-5
What is the value of 7 + (5 - 8) + -7?
-3
9 + (-9 - (1 + -6))
5
What is (0 - 5) + -6 + (-8 - -19)?
0
(-13 - -5) + 4 + (0 - -1)
-3
Calculate 280 - 283 - (5 - (3 - 2)).
-7
Calculate -9 - (-5 + (-7 + 5 - -2)).
-4
-4 + (4 - (2 - 1))
-1
Calculate 4 - 4 - (2 + -1 + 2).
-3
What is the value of (1 - 8) + 6 - (0 + -1)?
0
1 + -2 + (2 - (3 - 4))
2
(1 - 6 - -14) + -4
5
Evaluate 4 + 3 + (-6 - 5).
-4
26 + -24 + (2 - -2)
6
8 - (-2 + -3) - 11
2
What is 1 - -1 - ((-15 - -9) + 6)?
2
-22 + 18 - (-8 + 1)
3
25 + -13 + -11 - 4
-3
Evaluate (0 - -1) + (6 - 11).
-4
Evaluate 4 - ((-5 - -4) + -1 + 11).
-5
What is the value of 8 - (-4 - -11) - (-2 + -1)?
4
Calculate -1 + 5 + (-7 - -1) - 1.
-3
What is 0 + (3 - 1) + 2?
4
What is the value of 1 + (2 - 9) + 10?
4
What is the value of 6 + 1 + 0 + -9?
-2
What is -7 - (-12 + (12 - 8))?
1
Calculate 4 - (11 + -3 + 1).
-5
What is (-2 - (1 - 0)) + (9 - 1)?
5
-6 + (9 - -4) - 1
6
Evaluate (4 - 0 - (8 + -2)) + -2.
-4
0 - (-1 + 5 - 5)
1
Evaluate -1 + 3 - (13 + -8 + -2).
-1
-8 + 1 - (-15 - (-16 - -9))
1
What is 1 + (20 - 21 - (2 - -1))?
-3
What is the value of -3 - (4 - 4 - (-1 + 1))?
-3
Calculate 2 - (-2 - -5) - (3 + -9).
5
-6 - (3 + -5) - 1
-5
13 + -11 + (3 - (-1 - -2))
4
Calculate -3 - (-1 + 4 - (-2 - -6)).
-2
What is the value of 9 - (4 - 2) - 4?
3
What is 3 + 4 + -3 + (-1 - 3)?
0
Evaluate (-1 - 1) + (0 - (3 - 4)).
-1
Calculate -3 - (0 + -7 + 5).
-1
What is the value of 12 + -8 - (3 + -1)?
